{"id":144,"date":"2019-10-12T15:45:57","date_gmt":"2019-10-12T15:45:57","guid":{"rendered":"http:\/\/testing.taegener.eu\/?page_id=144"},"modified":"2026-03-21T08:21:35","modified_gmt":"2026-03-21T08:21:35","slug":"mitglied-werden","status":"publish","type":"page","link":"https:\/\/bctempelhof.de\/?page_id=144","title":{"rendered":"Mitglied werden"},"content":{"rendered":"\n<div class=\"wp-block-group\"><div class=\"wp-block-group__inner-container is-layout-flow wp-block-group-is-layout-flow\">\n<h3 class=\"wp-block-heading\"><a href=\"https:\/\/bctempelhof.de\/wp-content\/uploads\/2025\/01\/Aufnahmeantrag-BCT-2025.docx\" target=\"_blank\" rel=\"noreferrer noopener\"><img decoding=\"async\" class=\"wp-image-732\" style=\"width: 50px;\" src=\"https:\/\/bctempelhof.de\/wp-content\/uploads\/2022\/01\/Microsoft_Office_Word_2019\u2013present.svg_.png\" alt=\"\"><\/a><a href=\"https:\/\/bctempelhof.de\/wp-content\/uploads\/2025\/01\/Aufnahmeantrag-BCT-2025.pdf\" target=\"_blank\" rel=\"noreferrer noopener\"><img decoding=\"async\" class=\"wp-image-733\" style=\"width: 50px;\" src=\"https:\/\/bctempelhof.de\/wp-content\/uploads\/2022\/01\/logo_pdf.png\" alt=\"\"><\/a> <strong>Anmeldeformular<\/strong><\/h3>\n<\/div><\/div>\n\n\n\n<h2 class=\"wp-block-heading\">Badminton f\u00fcr Sch\u00fcler,  Jugendliche und Erwachsene: Spielen und Trainieren beim BCT<\/h2>\n\n\n\n<p>Der Badminton-Club Tempelhof versteht  sich als Verein, in dem sowohl der Breitensport als auch der  Spitzensport gef\u00f6rdert werden. Es ist also ganz egal, ob ihr Badminton  als spa\u00dfiges Hobby oder eher professionell angehen m\u00f6chtet. Mit unseren Trainern k\u00f6nnt ihr euch so abstimmen, dass die perfekte Mischung f\u00fcr euren Bedarf sichergestellt ist.<\/p>\n\n\n\n<p>Es ist dabei ganz einfach, bei uns  mitzumachen und Mitglied beim BC Tempelhof zu werden. Den ersten Schritt  habt ihr schon getan, denn ihr habt uns (beziehungsweise unsere  Website) gefunden. Hier k\u00f6nnt ihr euch \u00fcber die organisatorischen  Details wie die Mitgliedbeitr\u00e4ge (siehe Tabelle weiter unten) oder die Satzung informieren. Auch findet ihr hier einen \u00dcberblick zu unseren Trainingsmethoden, mit denen wir euch den Badmintonsport n\u00e4her bringen wollen.<\/p>\n\n\n\n<h2 class=\"wp-block-heading\">Kommt einfach vorbei<\/h2>\n\n\n\n<p>Wenn euch die Rahmenbedingungen beim BC  Tempelhof zusagen, dann kommt am Besten einfach einmal zu einem  kostenlosen Probetraining beziehungsweise Probespielen in einer unserer Hallen vorbei. Das geht ohne vorherige Anmeldung zu unseren normalen Trainingszeiten.  Wenn ihr m\u00f6chtet, k\u00f6nnt ihr euch aber trotzdem schon vorher mit unserem  Cheftrainer Andreas Bernwald austauschen. Das geht telefonisch unter  0152 \/ 085 516 82 oder via E-Mail (<a rel=\"noreferrer noopener\" href=\"mailto:sportwart@bctempelhof.de\" target=\"_blank\">sportwart@bctempelhof.de<\/a>).<\/p>\n\n\n\n<h2 class=\"wp-block-heading\">Einen Monat kostenloses Probetraining<\/h2>\n\n\n\n<p>Nat\u00fcrlich wisst ihr nach nur einem \nTraining sicher noch nicht, ob der BCT auch wirklich die richtige \nAdresse f\u00fcr euch ist. Daher bieten wir euch die M\u00f6glichkeit, einen Monat\n lang kostenlos zur Probe mitzutrainieren. Erst danach m\u00fcsst ihr euch \nentscheiden, ob ihr dauerhaft bei uns Badminton spielen wollt.<\/p>\n\n\n\n<p>Ist das der Fall, dann erhaltet ihr entweder vom Trainer oder unter dem folgenden Link das Eintrittsformular. Dieses k\u00f6nnt ihr ausgef\u00fcllt entweder beim Trainer abgeben oder dem Vorstand per E-Mail  zukommen lassen. Kurz danach erhaltet ihr ein Begr\u00fc\u00dfungsschreiben &#8211; und  schon seid ihr ordentliches Mitglied beim BC Tempelhof. Dann k\u00f6nnt ihr  ohne Begrenzung unsere Trainings- und Spielangebote nutzen und in  Absprache mit dem Trainerteam auch an Turnieren oder Mannschaftsspielen  teilnehmen.<\/p>\n\n\n\n<h2 class=\"wp-block-heading\">Die Mitgliedsbeitr\u00e4ge<\/h2>\n\n\n\n<p>Die aktuellen Mitgliedsbeitr\u00e4ge f\u00fcr  Erwachsene findet ihr in der folgenden Tabelle. Wenn auch euer Kind  Mitglied werden m\u00f6chte, findet ihr die entsprechenden Beitr\u00e4ge auf  unserer Jugendseite. Bitte beachtet, dass ihr uns f\u00fcr den Einzug der Mitgliedsbeitr\u00e4ge eine Einzugserm\u00e4chtigung (SEPA-Lastschriftmandat) ausstellen m\u00fcsst. \u00dcberweisungen sind nicht mehr m\u00f6glich.<\/p>\n\n\n\n<figure class=\"wp-block-table\"><table><thead><tr><th><\/th><th>Zielgruppe<\/th><th>Aufnahmegeb\u00fchr<\/th><th>Quartalsbeitrag<\/th><th>Jahresbeitrag<\/th><\/tr><\/thead><tbody><tr><td>A)<\/td><td>Aktive Sch\u00fcler und Jugendliche bis zum vollendeten 18. Lebensjahr.<\/td><td>10,00&nbsp;\u20ac<\/td><td>64,80\u00a0\u20ac<\/td><td>240,00\u00a0\u20ac<\/td><\/tr><tr><td>B)<\/td><td>Aktive Sch\u00fcler und Jugendliche bis zum vollendeten 18. Lebensjahr, von denen mindestens ein Elternteil ebenfalls Vereinsmitglied ist.<\/td><td>10,00&nbsp;\u20ac<\/td><td>57,60\u00a0\u20ac<\/td><td>216,00\u00a0\u20ac<\/td><\/tr><tr><td>C)<\/td><td>Aktive Mitglieder vom 19. bis zum vollendeten 28. Lebensjahr, die sich in einer Ausbildung befinden (Sch\u00fcler, Studenten, Auszubildende). Au\u00dferdem alle aktiven Mitglieder, die Wehr- oder Wehrersatzdienst leisten oder die Arbeitslosengeld, Arbeitslosenhilfe oder Sozialhilfe empfangen.<\/td><td>15,00 \u20ac<\/td><td>64,80 \u20ac<\/td><td>240,00 \u20ac<\/td><\/tr><tr><td>D)<\/td><td>Alle vollj\u00e4hrigen, aktiven Mitglieder, die keinem der anderen Beitragstarife zuzuordnen sind.<\/td><td>20,00&nbsp;\u20ac<\/td><td>86,40\u00a0\u20ac<\/td><td>306,00\u00a0\u20ac<\/td><\/tr><tr><td>E)<\/td><td>Aktive Ehepaare, von denen beide Ehepartner Mitglieder sind.<\/td><td>35,00 \u20ac<\/td><td>123,60 \u20ac<\/td><td>540,00 \u20ac<\/td><\/tr><tr><td>F)<\/td><td>Alle passiven Sch\u00fcler, Jugendlichen oder Erwachsenen.<\/td><td>10,00&nbsp;\u20ac<\/td><td>20,40\u00a0\u20ac<\/td><td>72,00\u00a0\u20ac<\/td><\/tr><\/tbody><\/table><\/figure>\n\n\n\n<h2 class=\"wp-block-heading\"><br><\/h2>\n","protected":false},"excerpt":{"rendered":"<p>Anmeldeformular Badminton f\u00fcr Sch\u00fcler, Jugendliche und Erwachsene: Spielen und Trainieren beim BCT Der Badminton-Club Tempelhof versteht sich als Verein, in dem sowohl der Breitensport als auch der Spitzensport gef\u00f6rdert werden. Es ist also ganz egal, ob ihr Badminton als spa\u00dfiges Hobby oder eher professionell angehen m\u00f6chtet. Mit unseren Trainern k\u00f6nnt ihr euch so abstimmen, dass [&hellip;]<\/p>\n","protected":false},"author":1,"featured_media":0,"parent":0,"menu_order":0,"comment_status":"closed","ping_status":"closed","template":"","meta":{"footnotes":""},"class_list":["post-144","page","type-page","status-publish","hentry"],"_links":{"self":[{"href":"https:\/\/bctempelhof.de\/index.php?rest_route=\/wp\/v2\/pages\/144","targetHints":{"allow":["GET"]}}],"collection":[{"href":"https:\/\/bctempelhof.de\/index.php?rest_route=\/wp\/v2\/pages"}],"about":[{"href":"https:\/\/bctempelhof.de\/index.php?rest_route=\/wp\/v2\/types\/page"}],"author":[{"embeddable":true,"href":"https:\/\/bctempelhof.de\/index.php?rest_route=\/wp\/v2\/users\/1"}],"replies":[{"embeddable":true,"href":"https:\/\/bctempelhof.de\/index.php?rest_route=%2Fwp%2Fv2%2Fcomments&post=144"}],"version-history":[{"count":22,"href":"https:\/\/bctempelhof.de\/index.php?rest_route=\/wp\/v2\/pages\/144\/revisions"}],"predecessor-version":[{"id":1059,"href":"https:\/\/bctempelhof.de\/index.php?rest_route=\/wp\/v2\/pages\/144\/revisions\/1059"}],"wp:attachment":[{"href":"https:\/\/bctempelhof.de\/index.php?rest_route=%2Fwp%2Fv2%2Fmedia&parent=144"}],"curies":[{"name":"wp","href":"https:\/\/api.w.org\/{rel}","templated":true}]}}