{"id":164,"date":"2019-10-12T15:55:55","date_gmt":"2019-10-12T15:55:55","guid":{"rendered":"http:\/\/testing.taegener.eu\/?page_id=164"},"modified":"2024-11-20T07:12:54","modified_gmt":"2024-11-20T07:12:54","slug":"machonhalle","status":"publish","type":"page","link":"https:\/\/bctempelhof.de\/?page_id=164","title":{"rendered":"Machonhalle"},"content":{"rendered":"\n<div class=\"wp-block-columns is-layout-flex wp-container-core-columns-is-layout-9d6595d7 wp-block-columns-is-layout-flex\">\n<div class=\"wp-block-column is-layout-flow wp-block-column-is-layout-flow\">\n<div id=\"gmap_canvas\"><iframe loading=\"lazy\" frameborder=\"0\" scrolling=\"no\" marginheight=\"0\" src=\"https:\/\/maps.google.com\/maps?q=Machonstra\u00dfe 54, 12105, Berlin, Deutschland, &#038;t=&#038;z=15&#038;ie=UTF8&#038;iwloc=&#038;output=embed\" width=\"100%\" height=\"325\" marginwidth=\"0\"><\/iframe><\/div>\n<\/div>\n\n\n\n<div class=\"wp-block-column is-layout-flow wp-block-column-is-layout-flow\">\n<img decoding=\"async\" src=\"http:\/\/bctempelhof.de\/wp-content\/uploads\/2021\/03\/Machonhalle-700x700-1.jpg\" width=\"100%\" height=\"325\" \/>\n<\/div>\n<\/div>\n\n\n\n<p>In der altehrw\u00fcrdigen Machonhalle in  Mariendorf ist der BC Tempelhof seit seiner Gr\u00fcndung im Jahr 1957 zu  Hause. Wurden hier fr\u00fcher sogar noch Punktspiele ausgetragen, wird die  Halle aktuell nur noch zu Trainingszwecken genutzt &#8211; schaut euch hierf\u00fcr  die aktuellen Trainingszeiten  an! Wir spielen in der Machonhalle an mehreren Tagen in der Woche und  am Wochenende in unterschiedlichen Konstellationen Badminton. Hier  finden Sch\u00fcler- und&nbsp;Jugendtraining sowie das freie Spielen der Freizeitgruppe der Erwachsenen statt.<\/p>\n\n\n\n<p>Unseren Trainings- und Spielgruppen \nstehen in der Machonhalle drei Felder zur Verf\u00fcgung. Dies erlaubt auf \nder einen Seite ein intensives Training in kleinen Gruppen, bei denen \nder Trainer immer den \u00dcberblick behalten kann. Zum anderen f\u00fchrt die \ngediegene Atmosph\u00e4re der Machonhalle dazu, dass sich unter den \nSpielerinnen und Spielern&nbsp;schnell neue Kontakte ergeben und niemand \nau\u00dfen vor bleibt.<\/p>\n\n\n\n<h2 class=\"wp-block-heading\">Verkehrsg\u00fcnstige Lage<\/h2>\n\n\n\n<p>Das Tolle an der Machonhalle ist ihre \nhervorragende Erreichbarkeit aus vielen Teilen Berlins. Sie befindet \nsich in der Machonstra\u00dfe 54 in 12105 Berlin-Mariendorf und geh\u00f6rt zur \nDeutsch Skandinavischen Gemeinschaftsschule (DSG), die fr\u00fcher unter dem \nNamen Elisabeth-Rotten-Schule bekannt war.<\/p>\n\n\n\n<p>Sie ist direkt an der U-Bahn Linie U6 \ngelegen. Von der Station Westphalweg, an der auch die Buslinie 282 h\u00e4lt,\n erreicht man die Halle zu Fu\u00df in etwa 5 Minuten. Und auch von der \nEndstation Alt-Mariendorf sind es nur etwa 15 Minuten Fu\u00dfweg. Und am \nBahnhof Alt-Mariendorf halten dar\u00fcber hinaus noch die Busse 179, 181, \n277, X76, M76 und M77. Diese Kombination aus \u00f6ffentlichen \nVerkehrsmitteln erlaubt eine einfache An- und Abreise vor und nach dem \nBadmintontraining &#8211; und das zu jeder beliebigen Tageszeit.<\/p>\n\n\n\n<p>Und nat\u00fcrlich kann man die Machonhalle \nauch problemlos mit dem Auto erreichen. Sie liegt verkehrsg\u00fcnstig \nzwischen dem Mariendorfer Damm und der Rathausstra\u00dfe. Aber schaut doch \neinmal selbst und stellt euch eure perfekte Route zusammen, um mit uns \nin Mariendorf Badminton zu spielen. Die Spielerinnen und Spieler des BC \nTempelhof freuen sich auf euch!<\/p>\n\n\n\n<figure class=\"wp-block-image is-resized\"><img decoding=\"async\" src=\"https:\/\/bctempelhof.de\/erwachsene\/wp-content\/uploads\/sites\/3\/2017\/02\/Machonhalle_Innen.jpg\" alt=\"Die Machonhalle von innen\" style=\"width:578px;height:385px\"\/><\/figure>\n\n\n\n<p><\/p>\n","protected":false},"excerpt":{"rendered":"<p>In der altehrw\u00fcrdigen Machonhalle in Mariendorf ist der BC Tempelhof seit seiner Gr\u00fcndung im Jahr 1957 zu Hause. Wurden hier fr\u00fcher sogar noch Punktspiele ausgetragen, wird die Halle aktuell nur noch zu Trainingszwecken genutzt &#8211; schaut euch hierf\u00fcr die aktuellen Trainingszeiten an! Wir spielen in der Machonhalle an mehreren Tagen in der Woche und am [&hellip;]<\/p>\n","protected":false},"author":1,"featured_media":0,"parent":0,"menu_order":0,"comment_status":"closed","ping_status":"closed","template":"","meta":{"footnotes":""},"class_list":["post-164","page","type-page","status-publish","hentry"],"_links":{"self":[{"href":"https:\/\/bctempelhof.de\/index.php?rest_route=\/wp\/v2\/pages\/164","targetHints":{"allow":["GET"]}}],"collection":[{"href":"https:\/\/bctempelhof.de\/index.php?rest_route=\/wp\/v2\/pages"}],"about":[{"href":"https:\/\/bctempelhof.de\/index.php?rest_route=\/wp\/v2\/types\/page"}],"author":[{"embeddable":true,"href":"https:\/\/bctempelhof.de\/index.php?rest_route=\/wp\/v2\/users\/1"}],"replies":[{"embeddable":true,"href":"https:\/\/bctempelhof.de\/index.php?rest_route=%2Fwp%2Fv2%2Fcomments&post=164"}],"version-history":[{"count":3,"href":"https:\/\/bctempelhof.de\/index.php?rest_route=\/wp\/v2\/pages\/164\/revisions"}],"predecessor-version":[{"id":1049,"href":"https:\/\/bctempelhof.de\/index.php?rest_route=\/wp\/v2\/pages\/164\/revisions\/1049"}],"wp:attachment":[{"href":"https:\/\/bctempelhof.de\/index.php?rest_route=%2Fwp%2Fv2%2Fmedia&parent=164"}],"curies":[{"name":"wp","href":"https:\/\/api.w.org\/{rel}","templated":true}]}}