{"id":24,"date":"2019-10-11T18:37:27","date_gmt":"2019-10-11T18:37:27","guid":{"rendered":"http:\/\/testing.taegener.eu\/?page_id=24"},"modified":"2024-01-15T12:48:29","modified_gmt":"2024-01-15T12:48:29","slug":"24-2","status":"publish","type":"page","link":"https:\/\/bctempelhof.de\/?page_id=24","title":{"rendered":"Geschichte"},"content":{"rendered":"\n<h2 class=\"wp-block-heading\">Die Anf\u00e4nge<\/h2>\n\n\n<div class=\"wp-block-image\">\n<figure class=\"alignleft\"><img decoding=\"async\" src=\"https:\/\/bctempelhof.de\/erwachsene\/wp-content\/uploads\/sites\/3\/2017\/02\/Dieter_60er-204x300.jpeg\" alt=\"Dieter Babenschneider auf dem Feld in den 1950er\" class=\"wp-image-1974\"\/><\/figure>\n<\/div>\n\n\n<p>Der Badminton Club Tempelhof geh\u00f6rt als einer der ersten reinen Badmintonvereine in Berlin zu den fr\u00fchen Wegbereitern des Sports in der Hauptstadt. Nach der offiziellen Gr\u00fcndung am 01. August 1957 trittt der BCT schon als 9. Mitglied dem Badminton-Verband Berlin bei, der mittlerweile im <a href=\"https:\/\/www.bvbb-online.de\/\" target=\"_blank\" rel=\"noreferrer noopener\">Badminton-Verband Berlin-Brandenburg (BVBB)<\/a> aufgegangen ist.<\/p>\n\n\n\n<p>Bei seiner Gr\u00fcndung z\u00e4hlt der BCT bereits 17 Mitglieder, die in der <a href=\"https:\/\/bctempelhof.de\/?page_id=164\" target=\"_blank\" rel=\"noreferrer noopener\">Machonhalle<\/a>, der Aska-Halle und der Schulenburgring-Halle aktiv sind. Schon\u00a0im ersten Jahr des Bestehens werden\u00a0Mannschaftsspiele in der Stadtklasse ausgetragen. Die Heimspiele finden dabei in der <a href=\"https:\/\/bctempelhof.de\/?page_id=164\">Machonhalle<\/a> in Mariendorf statt. Im Jahr 1959 wird dann die <a href=\"https:\/\/bctempelhof.de\/?page_id=162\" target=\"_blank\" rel=\"noreferrer noopener\">Bosehalle<\/a> in Beschlag genommen, in der noch heute alle Heimspiele des BCT stattfinden. Zu Beginn m\u00fcssen\u00a0jedoch\u00a0zun\u00e4chst alle Felder eigenh\u00e4ndig abgemessen werden, um einen Spielbetrieb \u00fcberhaupt erst zu erm\u00f6glichen.<\/p>\n\n\n\n<h2 class=\"wp-block-heading\">Die erfolgreichen 1960er und 1970er<\/h2>\n\n\n<div class=\"wp-block-image\">\n<figure class=\"alignright\"><img decoding=\"async\" src=\"https:\/\/bctempelhof.de\/jugend\/wp-content\/uploads\/sites\/2\/2017\/02\/Berlin-London-300x293.jpg\" alt=\"Plakette des Sportfestivals Berlin-London\" class=\"wp-image-1600\"\/><\/figure>\n<\/div>\n\n\n<p>Ab dem Jahr 1960 setzt eine Reisewelle ein. Die Spielerinnen und Spieler des BC Tempelhof verbinden in den folgenden Jahren und Jahrzehnten immer wieder das Angenehme mit dem N\u00fctzlichen und halten Freundschaftsspiele im ganzen Land ab. Ein Grund daf\u00fcr ist zu Beginn&nbsp;sicher auch, das die Aktiven der Enge im eingeschlossenen West-Berlin entkommen wollen.<\/p>\n\n\n\n<p>Der erste Trip f\u00fchrt den BCT nach G\u00fctersloh, zudem wird neben vielen anderen Zielen auch Ost-Berlin bereist. Hier findet noch kurz vor dem Mauerbau ein Spiel gegen Empor Brandenburger Tor statt. &nbsp;Ein weiteres Highlight in diesem Zusammenhang sind&nbsp;die Sportfestivals Berlin-London 1973 und 1977. Der BCT trifft bei beiden Ausgaben auf Barnet.<\/p>\n\n\n<div class=\"wp-block-image\">\n<figure class=\"alignleft size-full\"><img loading=\"lazy\" decoding=\"async\" width=\"300\" height=\"208\" src=\"https:\/\/bctempelhof.de\/wp-content\/uploads\/2021\/03\/Eggers-rechts-1961-300x208-1.jpeg\" alt=\"\" class=\"wp-image-544\"\/><\/figure>\n<\/div>\n\n\n<p>Allgemein sind&nbsp;die 1960er und 1970er Jahre f\u00fcr lange Zeit die sportlich erfolgreichsten. Der BC Tempelhof ist&nbsp;mehrere Jahre in der Oberliga (Nord) vertreten und hat mit dem mehrfachen Berliner Meister im Einzel und Doppel, Detlef Eggers (rechts im Bild), sogar einen deutschen Nationalspieler in seinen Reihen. Auch andere Spielerinnen und Spieler belegen zu dieser Zeit immer wieder Podiumspl\u00e4tze bei den Berliner Meisterschaften im Einzel, Doppel und Mixed. Aufgrund dieser Erfolge kann der BCT stetig wachsen.<\/p>\n\n\n\n<h2 class=\"wp-block-heading\">Sportlicher Abstieg in den 1980ern<\/h2>\n\n\n\n<p>In den 1980er Jahren ist&nbsp;der BCT in der Spitze deutlich weniger erfolgreich als zuvor. Die erste Mannschaft muss unter anderem den vor\u00fcbergehenden Abstieg bis hinunter in die Bezirksklasse verkraften. Auch bei Einzelmeisterschaften k\u00f6nnen in diesem Jahrzehnt keine gro\u00dfen Erfolge vermeldet werden.<\/p>\n\n\n<div class=\"wp-block-image\">\n<figure class=\"alignright\"><img decoding=\"async\" src=\"https:\/\/bctempelhof.de\/erwachsene\/wp-content\/uploads\/sites\/3\/2017\/02\/Kindertraining_1988-300x200.jpeg\" alt=\"Ein Bild vom Sch\u00fclertraining aus den 1980ern\" class=\"wp-image-1976\"\/><\/figure>\n<\/div>\n\n\n<p>Doch im starken Kontrast dazu ist&nbsp;der BCT in den 1980ern im Breitensport besser aufgestellt denn je. Insgesamt sind&nbsp;50 Erwachsene und 29 Kinder und Jugendliche im Verein aktiv. Gerade die Jugendlichen sind&nbsp;in dieser Zeit stark auf dem Vormarsch und werden zu&nbsp;einer goldenen Generation, die noch heute in ganz Berlin und Deutschland aktiv ist. Bestes Beispiel f\u00fcr diese Gruppe ist Thomas Born, der nach mehreren Jahren an der Spitze des BVBB mittlerweile Pr\u00e4sident des Deutschen Badminton Verbands (DBV) ist. Damit hat einer der zentralen Funktion\u00e4re im deutschen Badminton seine ersten Schritte beim BCT gemacht.<\/p>\n\n\n\n<h2 class=\"wp-block-heading\">Wiederaufstieg in den 1990ern<\/h2>\n\n\n\n<p>In den 1990ern geht&nbsp;es dann auch in der Spitze wieder bergauf. Durch das Aufr\u00fccken der talentierten Jugendspieler aus den 1980ern kann&nbsp;die erste Mannschaft wieder an alte Erfolge ankn\u00fcpfen und sich bis in die Oberliga zur\u00fcckk\u00e4mpfen.<\/p>\n\n\n<div class=\"wp-block-image\">\n<figure class=\"alignleft\"><img decoding=\"async\" src=\"https:\/\/bctempelhof.de\/erwachsene\/wp-content\/uploads\/sites\/3\/2017\/02\/International_1998-300x202.jpeg\" alt=\"Ein Bild von einem Internationalen Turnier 1998\" class=\"wp-image-1977\"\/><\/figure>\n<\/div>\n\n\n<p>Zu Beginn des Jahrzehnts hat der BC Tempelhof rund 110 Mitglieder, davon etwa 50 Jugendliche. Er ist&nbsp;dar\u00fcber hinaus zu dieser Zeit&nbsp;einer von von nur 12 Vereinen in der Bundesrepublik Deutschland, der Miniarbeit mit Sch\u00fclern von 7-10 Jahren anbietet. Damit ist&nbsp;der BCT auch ein Vorreiter, was das Heranf\u00fchren der J\u00fcngsten an den Badmintonsport angeht. Diesem Auftrag ist der Verein bis heute treu geblieben.<\/p>\n\n\n\n<h2 class=\"wp-block-heading\">Neue H\u00f6hen in den 2000ern<\/h2>\n\n\n\n<p>Im neuen Jahrtausend erklimmt&nbsp;der BCT neue sportliche H\u00f6hen. Die erste Mannschaft steigt&nbsp;zeitweise bis in die Regionalliga auf und behauptet sich auf lange Sicht in der Oberliga und Berlin-Brandenburg-Liga. Mit Alexander Berndt stellt der BCT im Jahr 2003 wieder den Berliner Meister im Herreneinzel.<\/p>\n\n\n<div class=\"wp-block-image\">\n<figure class=\"alignright\"><img decoding=\"async\" src=\"https:\/\/bctempelhof.de\/erwachsene\/wp-content\/uploads\/sites\/3\/2017\/02\/1.Mannschaft-2010_2011-300x225.jpg\" alt=\"Die erste Mannschaft 2010 mit vielen Jugendspielern\" class=\"wp-image-1979\"\/><\/figure>\n<\/div>\n\n\n<p>In der Jugend werden mehrere Berliner Meisterschaften in den Disziplinen Einzel, Doppel und Mixed gewonnen, vor allem Anne und Lukas F\u00f6rschner sind hier \u00fcberaus erfolgreich. In den Altersklassen werden zahlreiche Deutsche und Norddeutsche Meisterschaften errungen, vor allem Dieter Babenschneider tut sich hervor.<\/p>\n\n\n\n<p>In der Breite gibt es ein gro\u00dfes Angebotsspektrum f\u00fcr alle Spielst\u00e4rken und Altersklassen. Nichtsdestotrotz schlittert der BC Tempelhof am Ende des Jahrzehnts in die gr\u00f6\u00dfte Krise seiner Geschichte. Aufgrund von internen Unstimmigkeiten und Trainerwechseln verliert der Verein fast seine komplette Jugendabteilung und damit den sportlichen wie auch finanziellen Unterbau. Nur dem neuen Vorstand um Mitgr\u00fcnder Dieter Babenschneider und Cheftrainer Andreas Bernwald ist es zu verdanken, dass sich der BCT aus dieser existenzbedrohenden Situation befreien kann.<\/p>\n\n\n\n<h2 class=\"wp-block-heading\">Konsolidierung auf hohem Niveau in den 2010ern<\/h2>\n\n\n\n<p>In den Folgejahren konsolidiert sich der BCT nach dem Wegbrechen der Jugendabteilung. Vor allem Dank AGs in Grundschulen k\u00f6nnen sukzessive neue Nachwuchsspieler gewonnen werden. Dies sorgt daf\u00fcr, dass der BCT \u00fcber einen gesunden Unterbau verf\u00fcgt, mit dem der Breitensport auf Jahre hinaus gesichert sein wird. Und auch in der Spitze tut sich etwas. So hat sich zum Beispiel Amadeus K\u00f6hler zu einem der erfolgreichsten Jugendspieler der Stadt entwickelt.<\/p>\n\n\n\n<p>Die Erwachsenenmannschaften sind w\u00e4hrenddessen in allen Spielklassen vertreten, wobei sich die erste Mannschaft auf hohem Niveau in der Berlin-Brandenburg Liga behauptet und immer wieder an die T\u00fcr zur Oberliga anklopft. Weiterhin gelingt es den Aktiven, zahlreiche Titel in den Altersklassen zu gewinnen, wobei sich vor allem unser Cheftrainer Andreas Bernwald hervortut.<\/p>\n\n\n<div class=\"wp-block-image\">\n<figure class=\"alignleft size-full\"><img loading=\"lazy\" decoding=\"async\" width=\"200\" height=\"189\" src=\"https:\/\/bctempelhof.de\/wp-content\/uploads\/2024\/01\/OMB0JI7fwczyhtoc-logo-big.png\" alt=\"\" class=\"wp-image-992\"\/><\/figure>\n<\/div>\n\n\n<p>Im\u00a0Mai 2011 geht der\u00a0BCT dann eine Spielgemeinschaft mit der Badmintonabteilung des <a href=\"https:\/\/www.friedenauertsc-berlin.de\/departments\/view\/3\" target=\"_blank\" rel=\"noreferrer noopener\">Friedenauer TSC<\/a>\u00a0ein. Seitdem trainieren die Spielerinnen und Spieler beider Vereine zusammen. Dar\u00fcber hinaus treten sie in der Berlin-Brandenburger Mannschaftsmeisterschaft unter gemeinsamer Flagge an. So ist es gelungen, noch mehr aktive Sportler unter einem Dach zu vereinen.<\/p>\n\n\n\n<p>Der BC Tempelhof hat sich damit in den vergangenen 60 Jahren als reiner Badmintonverein in seiner Nische etabliert. Den Verantwortlichen ist es ein Anliegen, allen Altersklassen und Spielst\u00e4rken einen professionellen Rahmen zur Verf\u00fcgung zu stellen. So kann es dem BCT gelingen, auch in den n\u00e4chsten&nbsp;60 Jahren ein spannendes sportliches Angebot f\u00fcr Jung und Alt anzubieten.<\/p>\n","protected":false},"excerpt":{"rendered":"<p>Die Anf\u00e4nge Der Badminton Club Tempelhof geh\u00f6rt als einer der ersten reinen Badmintonvereine in Berlin zu den fr\u00fchen Wegbereitern des Sports in der Hauptstadt. Nach der offiziellen Gr\u00fcndung am 01. August 1957 trittt der BCT schon als 9. Mitglied dem Badminton-Verband Berlin bei, der mittlerweile im Badminton-Verband Berlin-Brandenburg (BVBB) aufgegangen ist. Bei seiner Gr\u00fcndung z\u00e4hlt [&hellip;]<\/p>\n","protected":false},"author":1,"featured_media":0,"parent":0,"menu_order":0,"comment_status":"closed","ping_status":"closed","template":"","meta":{"footnotes":""},"class_list":["post-24","page","type-page","status-publish","hentry"],"_links":{"self":[{"href":"https:\/\/bctempelhof.de\/index.php?rest_route=\/wp\/v2\/pages\/24","targetHints":{"allow":["GET"]}}],"collection":[{"href":"https:\/\/bctempelhof.de\/index.php?rest_route=\/wp\/v2\/pages"}],"about":[{"href":"https:\/\/bctempelhof.de\/index.php?rest_route=\/wp\/v2\/types\/page"}],"author":[{"embeddable":true,"href":"https:\/\/bctempelhof.de\/index.php?rest_route=\/wp\/v2\/users\/1"}],"replies":[{"embeddable":true,"href":"https:\/\/bctempelhof.de\/index.php?rest_route=%2Fwp%2Fv2%2Fcomments&post=24"}],"version-history":[{"count":8,"href":"https:\/\/bctempelhof.de\/index.php?rest_route=\/wp\/v2\/pages\/24\/revisions"}],"predecessor-version":[{"id":993,"href":"https:\/\/bctempelhof.de\/index.php?rest_route=\/wp\/v2\/pages\/24\/revisions\/993"}],"wp:attachment":[{"href":"https:\/\/bctempelhof.de\/index.php?rest_route=%2Fwp%2Fv2%2Fmedia&parent=24"}],"curies":[{"name":"wp","href":"https:\/\/api.w.org\/{rel}","templated":true}]}}